2. Let k be (27 - 12) + 1*-5. Let v be o(k). Suppose -v*j = -242 - 1244. Is j a composite number?
False
Let w = -177 + 181. Suppose -147 = -w*q + j, 24*q - 26*q + 3*j + 71 = 0. Is q a composite number?
False
Is 12088 + (-1 - 0)*(4 - 1) composite?
True
Suppose -75 = o + 4*o. Let g(b) = -4*b**3 + 5*b**3 + 17 + 16*b**2 + 12*b + 0*b. Is g(o) a composite number?
True
Let h(k) = k + 11. Let x be h(7). Let u(j) = 84*j + x*j - 8*j + 61*j - 11. Is u(8) a composite number?
False
Let p(c) = -334*c - 689. Is p(-9) composite?
True
Let s be (16/20)/(1/5). Suppose 3*d = -3*c + 20610, -s*d + 12 = -8. Is c composite?
True
Suppose 5*r = 19 + 6. Suppose 4*q - 25 + 5 = 2*t, -r*q - t + 32 = 0. Is (-2 + q/(-4))/((-4)/136) composite?
True
Let a(h) = -14*h - 36. Let v be a(-34). Suppose -16*d - v = -24*d. Is d prime?
False
Let g(p) be the third derivative of p**5/30 - p**4/4 + 5*p**3/6 + 14*p**2. Let t be g(3). Suppose -7*o - 7 = -2*i - 2*o, 4*i = t*o + 29. Is i a prime number?
True
Suppose -5*z - 13*p - 135650 = -2031522, 3*z - 2*p - 1137533 = 0. Is z prime?
True
Let y be (165/2 - -1)*-2. Let o be (15 + -13)/(1/665). Let t = o + y. Is t composite?
False
Suppose 0 = -32*j + 678209 + 3513695. Is j a prime number?
False
Let r(j) = -5*j**3 + 4*j**2 - 7*j + 7. Let t = 140 - 146. Is r(t) composite?
True
Let p be ((-3)/(-6) - 1)*36. Let k be 4/p + (-43155)/81. Let u = k + 759. Is u a composite number?
True
Suppose 7*g - 3*m = 2*g - 18, -2*m = 3*g + 7. Is (-3 + -3 + 0)/(g/853) composite?
True
Let f(n) = 248*n**3 - 24*n**2 - 2*n - 5. Is f(3) prime?
True
Suppose 2*d + w = 27 - 5, 0 = 5*d + w - 58. Let f = -11 + d. Is (12 - 151)*(f/1 - 2) composite?
False
Suppose 0 = 4*r + 5*f - 3, -5*f = -3*r + 19 - 8. Let v be (-5505)/(-15) - 1*r. Suppose 2*d = -3*z + 715, d + z - v = -3*z. Is d prime?
True
Suppose -3*g = 2*s - 2*g - 708422, -3*s - 5*g + 1062647 = 0. Is s a composite number?
False
Let h = 177 - 181. Let t(k) = -1017*k + 35. Is t(h) composite?
True
Let j = 211583 + 33750. Is j a prime number?
False
Let f = -964 - -2467. Let m be -664*((-120)/132 - (-1)/(-11)). Let q = f - m. Is q prime?
True
Let z = -108 - -115. Is -2 + ((-10)/6)/(z/(-1365)) a prime number?
False
Suppose 2615921 = -5*q + 25*q - 2596659. Is q a prime number?
True
Let k(y) = -y**2 + 5*y + 36. Let f be k(9). Suppose -15*x + 0*x + 45 = f. Suppose x*h - 3677 - 1456 = 0. Is h prime?
False
Suppose 6*z + 3*y = 10*z - 67149, 4*y = 4. Suppose z = 147*q - 135*q. Is q a composite number?
False
Let t be (-4)/(-6)*(-6576)/(-1 + 3). Let r = t - -3759. Is r prime?
True
Suppose 25370959 = 98*u - 168268722 + 54280251. Is u a prime number?
False
Let y be ((-37)/(-2))/((5/10)/1). Suppose 2*b - s = y, 5*b = -s - 4*s + 55. Suppose b*o - 4*o = 2868. Is o composite?
False
Suppose -u = -6*u + 460. Let f = u + -147. Is ((-12016)/(-10) - 1) + (-22)/f prime?
True
Let o(z) = -285*z - 9. Let c(x) = -x - 3. Let m(r) = -2*c(r) + o(r). Suppose t + 5*s = 18, 4*s - 22 = t + 2*t. Is m(t) composite?
False
Suppose 0 = 5*g - 21 + 6. Suppose 2*x = g*d - 4220, 3*d + 2*x = 3*x + 4219. Suppose -t + d = 2*o - 2*t, 0 = -5*o - 5*t + 3515. Is o prime?
False
Let l = 247 - -146. Suppose -d + 94 = -a - 83, 0 = -3*a + 2*d - 536. Let z = a + l. Is z a prime number?
True
Suppose 92*j + 378077 = 99*j. Is j a prime number?
True
Let m(v) = -v**3 - 12*v**2 + 11*v + 17. Suppose -3*f + 15 = 0, j + 3*f + 31 = 6*f. Is m(j) a prime number?
False
Suppose -4*z = -0*z + 3*l - 21465, 5376 = z + 4*l. Suppose -k - z = 5*k. Let a = -187 - k. Is a composite?
True
Suppose -176540 = -5*x + 3*h, -5*h = -33 + 8. Is x composite?
False
Let c = 35 - 61. Let m = c - -5. Is (-26115)/m + (-16)/28 composite?
True
Let r = 1 - -8. Let g = r + -5. Is (g + 77/(-4))*-8 a composite number?
True
Let t be ((-1224)/(-39))/(-4) - 28/182. Is t/(-10) - 90657/(-35) composite?
False
Let l = -1565 + 2210. Let y = -602 + l. Is y a prime number?
True
Let p = 1324489 + -623990. Is p a composite number?
False
Let j be ((-858)/55)/(-1*2/10). Suppose 0*s = 5*x - s - 61, 0 = 2*x + 3*s - 21. Suppose 2*c - 3*c - l + j = 0, 3*l - x = 0. Is c a composite number?
True
Let v = -32 - -34. Let d(g) = -21*g**v - g**3 + 3*g - 9 + 28 - g - 8*g. Is d(-22) prime?
False
Suppose 2*y - 1 = -3*c - 0*c, -3*c - 34 = -5*y. Suppose 0 = -y*n - 5*q + 112152 - 34402, 3*n = 5*q + 46626. Is n a prime number?
False
Suppose -6*z + 5*t = -11*z, 0 = z + 4*t + 6. Suppose -z*g - 14773 = -19*g. Is g a prime number?
False
Suppose -1048615 = 12*j + 944117. Is 1/(-2) - j/14 a composite number?
True
Suppose -3*b - 8 = -4*t + 20, 0 = -5*b - 4*t - 4. Is b*3*(-159)/(-12)*-1 a composite number?
True
Suppose 244*d - 251*d - 31542 = 0. Is d/(-3) - (4 - 1) composite?
False
Suppose 3*a - 3*p - 6018 = 0, 5*a - 4*p + 3066 = 13094. Suppose -a = 4*t - 4*o, -3 + 2 = o. Is 2/(-7) - 5/14*t composite?
False
Let x be (100/15 + -7)/((-2)/(-6)). Let a(b) = -585*b - 1. Let t be a(x). Let s = -373 + t. Is s a prime number?
True
Let j be (-8)/180*-5 + 76/(-18). Let u(z) = -14*z**3 + 3*z**2 + 8*z + 2. Is u(j) composite?
True
Let y = -136 + 139. Suppose -y*v + 3 = 0, 2*p - 5456 = -p + v. Is p a prime number?
False
Suppose z = -4*h + 139317 + 552672, 5*z = 5*h - 864955. Suppose -30*r = -h + 58576. Is r composite?
True
Suppose -r = -5*j + 3493 + 104193, -3*r + 12 = 0. Suppose 3760 = -3*v + 3*y + j, 4*v - 23677 = -5*y. Is v prime?
True
Suppose 784 = 281*k - 267*k. Suppose k*s - 25684 = 52*s. Is s composite?
False
Let r = -228 + 238. Is (3229/4)/(r/40) composite?
False
Let h(w) = -6*w**3 - 20*w**2 - 23*w. Let i(m) = m**3 + m - 1. Let u(c) = -h(c) - 4*i(c). Let q be u(-14). Let b = q - -2873. Is b a prime number?
False
Suppose 5*b - 10432 = o - 66431, 3*b = 0. Is o a prime number?
False
Suppose 13113555 = 25*m - 5*q, -1878658 = -3*m + 3*q - 305041. Is m composite?
True
Let l = -214 + 245. Suppose l*n - 21 - 165 = 0. Is n a composite number?
True
Let q = -1415 - -2395. Let c be 0 - 3 - (9 + q). Is c/80*(-5)/2 prime?
True
Let n(s) be the second derivative of -15*s**5/4 - s**4/4 + s**3/2 + 2*s**2 - s + 42. Is n(-3) prime?
True
Suppose 3*s + 107092 = -5*k + 664894, 2*k = s - 185923. Is s composite?
True
Let q(w) = -1290*w**3 - 9*w**2 - 14*w + 59. Is q(-6) a prime number?
True
Let a = 248 + -243. Suppose a*w - n = 12477, 3*n + n = 2*w - 4998. Is w a composite number?
True
Suppose 4*b + 5431*l = 5432*l + 563217, 0 = -3*l - 15. Is b a composite number?
True
Let v = 189395 - -53447. Is v a composite number?
True
Suppose -623*a = -627*a + 16. Suppose -l - o = -2*l + 6632, 2*l + a*o = 13246. Is l prime?
False
Let f = 183121 - 101724. Is f a prime number?
False
Let q = -468 + 464. Is q/(-8)*2726*1 prime?
False
Suppose 7*u - 9*u = -6. Suppose -4*x = -u*g + 2*g - 123, x - g = 33. Suppose 757 = -29*o + x*o. Is o a composite number?
False
Let p(y) = -149770*y**3 + 70*y**2 - y + 3. Is p(-2) a prime number?
False
Suppose 23*c - 27*c - 12 = 0. Let w be (15/(-10))/(c/1282). Let t = w - 415. Is t a prime number?
False
Is (3706495/26)/((-15)/(-6)) prime?
False
Suppose 103166 = -14*t + 21070. Let j = t + 11893. Is j prime?
True
Suppose 10123 = 4*p - 2*j - 9523, -4*p - 2*j + 19642 = 0. Suppose -3*v - p = -3*w, w - 209 = 5*v + 1444. Is w a composite number?
True
Let b(f) = -f**3 - 4*f**2 - 6*f + 11. Let u be b(-6). Suppose 2*k + 21 = -u. Is 1137*(5 - k/(-15)) a prime number?
True
Suppose -2*w - r + 97288 = 0, -w - 4*r + r = -48629. Is w a prime number?
True
Suppose -4*j = -z + 51731, 3*z - 82441 = -5*j + 72837. Is z composite?
True
Let m = 289 - 191. Let c = m + -103. Is (c - -5)/5 - (-293)/1 a prime number?
True
Let x(s) = 2*s**2 + 42*s - 769. Is x(74) a composite number?
False
Suppose -43*o + 402688 + 721805 = 0. Let v = 10034 + o. Is v a prime number?
False
Let u be 1*(0 + 0 + -1) + 214. Suppose 0 = -k + 2*k - u. Suppose 2*d - k = -d. Is d composite?
False
Is (1311802/7)/(2 - (-132)/(-77)) a composite number?
False
Let n(j) = 37*j**3 + 5*j**2 + 18*j + 11. Let q = 109 - 102. Is n(q) a composite number?
True
Let o = -803 + 809. Is 38318/o - (-24)/(-18) a prime number?
False
Suppose 0 = -6*a + 5*a + 2*i + 141161, -2*a + 282308 = 3*i. Is a a prime number?
True
Let a(m) = 64*m**2 + 2*m + 569. Is a(-43) a composite number?
False
Let m = 257474 + 351179. Is m a prime number?
True
Suppose 3*q + 20 